y 76.
72
Calculate the remainder when 29 is divided by 3.
2
Calculate the remainder when 32 is divided by 12.
8
Calculate the remainder when 66 is divided by 14.
10
Calculate the remainder when 47 is divided by 25.
22
What is the remainder when 1720 is divided by 174?
154
Calculate the remainder when 228 is divided by 72.
12
Calculate the remainder when 2176 is divided by 66.
64
What is the remainder when 2822 is divided by 33?
17
Calculate the remainder when 173 is divided by 29.
28
What is the remainder when 960 is divided by 202?
152
What is the remainder when 311 is divided by 40?
31
What is the remainder when 110 is divided by 40?
30
Calculate the remainder when 353 is divided by 93.
74
What is the remainder when 711 is divided by 21?
18
Calculate the remainder when 3053 is divided by 61.
3
Calculate the remainder when 287 is divided by 7.
0
What is the remainder when 275 is divided by 31?
27
What is the remainder when 1276 is divided by 32?
28
What is the remainder when 417 is divided by 60?
57
Calculate the remainder when 31 is divided by 12.
7
What is the remainder when 735 is divided by 182?
7
What is the remainder when 885 is divided by 26?
1
What is the remainder when 140 is divided by 71?
69
What is the remainder when 817 is divided by 205?
202
Calculate the remainder when 54 is divided by 39.
15
What is the remainder when 1210 is divided by 38?
32
What is the remainder when 713 is divided by 17?
16
What is the remainder when 126 is divided by 22?
16
What is the remainder when 305 is divided by 62?
57
Calculate the remainder when 399 is divided by 74.
29
Calculate the remainder when 329 is divided by 67.
61
Calculate the remainder when 976 is divided by 138.
10
What is the remainder when 1175 is divided by 42?
41
Calculate the remainder when 358 is divided by 24.
22
What is the remainder when 8384 is divided by 129?
128
Calculate the remainder when 65 is divided by 3.
2
What is the remainder when 541 is divided by 85?
31
Calculate the remainder when 355 is divided by 36.
31
What is the remainder when 4875 is divided by 71?
47
What is the remainder when 628 is divided by 118?
38
What is the remainder when 12842 is divided by 9?
8
What is the remainder when 1556 is divided by 30?
26
Calculate the remainder when 117 is divided by 24.
21
Calculate the remainder when 356 is divided by 15.
11
What is the remainder when 6556 is divided by 82?
78
Calculate the remainder when 180 is divided by 170.
10
What is the remainder when 2495 is divided by 49?
45
Calculate the remainder when 339 is divided by 31.
29
Calculate the remainder when 97 is divided by 95.
2
Calculate the remainder when 134 is divided by 21.
8
What is the remainder when 416 is divided by 15?
11
Calculate the remainder when 712 is divided by 34.
32
Calculate the remainder when 4715 is divided by 53.
51
What is the remainder when 442 is divided by 123?
73
Calculate the remainder when 77 is divided by 32.
13
Calculate the remainder when 1429 is divided by 8.
5
What is the remainder when 1312 is divided by 18?
16
Calculate the remainder when 4499 is divided by 174.
149
Calculate the remainder when 803 is divided by 799.
4
Calculate the remainder when 8954 is divided by 13.
10
What is the remainder when 90 is divided by 53?
37
Calculate the remainder when 2680 is divided by 127.
13
What is the remainder when 218 is divided by 69?
11
Calculate the remainder when 4511 is divided by 35.
31
Calculate the remainder when 799 is divided by 160.
159
What is the remainder when 5656 is divided by 41?
39
Calculate the remainder when 2447 is divided by 488.
7
What is the remainder when 9089 is divided by 30?
29
Calculate the remainder when 216 is divided by 20.
16
Calculate the remainder when 613 is divided by 305.
3
What is the remainder when 23 is divided by 8?
7
What is the remainder when 2742 is divided by 252?
222
Calculate the remainder when 266 is divided by 34.
28
What is the remainder when 758 is divided by 9?
2
What is the remainder when 81 is divided by 17?
13
Calculate the remainder when 562 is divided by 30.
22
What is the remainder when 863 is divided by 36?
35
Calculate the remainder when 575 is divided by 64.
63
Calculate the remainder when 1081 is divided by 62.
27
What is the remainder when 1971 is divided by 24?
3
Calculate the remainder when 182 is divided by 86.
10
What is the remainder when 78 is divided by 65?
13
Calculate the remainder when 538 is divided by 262.
14
What is the remainder when 70 is divided by 34?
2
What is the remainder when 1906 is divided by 27?
16
What is the remainder when 111 is divided by 59?
52
What is the remainder when 140 is divided by 82?
58
Calculate the remainder when 831 is divided by 378.
75
What is the remainder when 66 is divided by 14?
10
Calculate the remainder when 1649 is divided by 127.
125
Calculate the remainder when 2647 is divided by 135.
82
Calculate the remainder when 92 is divided by 17.
7
Calculate the remainder when 3298 is divided by 330.
328
What is the remainder when 271 is divided by 91?
89
Calculate the remainder when 288 is divided by 276.
12
What is the remainder when 1085 is divided by 285?
230
What is the remainder when 1251 is divided by 126?
117
Calculate the remainder when 21 is divided by 10.
1
What is the remainder when 834 is divided by 70?
64
What is the remainder when 243 is divided by 19?
15
Calculate the remainder when 645 is divided by 12.
9
Calculate the remainder when 920 is divided by 22.
18
What is the remainder when 2375 is divided by 18?
17
Calculate the remainder when 3468 is divided by 433.
4
What is the remainder when 24373 is divided by 375?
373
Calculate the remainder when 489 is divided by 82.
79
What is the remainder when 2726 is divided by 902?
20
Calculate the remainder when 1031 is divided by 17.
11
Calculate the remainder when 1625 is divided by 324.
5
Calculate the remainder when 47 is divided by 7.
5
Calculate the remainder when 1277 is divided by 71.
70
What is the remainder when 7695 is divided by 52?
51
Calculate the remainder when 49 is divided by 13.
10
Calculate the remainder when 397 is divided by 57.
55
Calculate the remainder when 9 is divided by 4.
1
What is the remainder when 25735 is divided by 23?
21
Calculate the remainder when 89934 is divided by 28.
26
What is the remainder when 142 is divided by 83?
59
What is the remainder when 1993 is divided by 9?
4
What is the remainder when 56 is divided by 10?
6
What is the remainder when 1179 is divided by 59?
58
Calculate the remainder when 602 is divided by 21.
14
What is the remainder when 310 is divided by 8?
6
Calculate the remainder when 260 is divided by 53.
48
What is the remainder when 640 is divided by 43?
38
Calculate the remainder when 203 is divided by 8.
3
What is the remainder when 1979 is divided by 251?
222
What is the remainder when 355 is divided by 21?
19
Calculate the remainder when 273 is divided by 87.
12
What is the remainder when 2888 is divided by 12?
8
Calculate the remainder when 1821 is divided by 183.
174
What is the remainder when 73 is divided by 14?
3
What is the remainder when 24 is divided by 6?
0
What is the remainder when 976 is divided by 233?
44
What is the remainder when 55 is divided by 28?
27
Calculate the remainder when 156 is divided by 94.
62
Calculate the remainder when 199 is divided by 4.
3
Calculate the remainder when 211 is divided by 59.
34
What is the remainder when 7653 is divided by 116?
113
What is the remainder when 896 is divided by 19?
3
Calculate the remainder when 189 is divided by 27.
0
What is the remainder when 669 is divided by 75?
69
Calculate the remainder when 306 is divided by 63.
54
Calculate the remainder when 99 is divided by 22.
11
What is the remainder when 80 is divided by 46?
34
Calculate the remainder when 32 is divided by 18.
14
Calculate the remainder when 117 is divided by 12.
9
Calculate the remainder when 6629 is divided by 85.
84
Calculate the remainder when 861 is divided by 836.
25
Calculate the remainder when 3154 is divided by 241.
21
What is the remainder when 2067 is divided by 189?
177
Calculate the remainder when 122 is divided by 32.
26
What is the remainder when 1200 is divided by 13?
4
Calculate the remainder when 557 is divided 